**2 + 96377*p - 4821355. Calculate j(50).
-5
Let x(f) = 327*f**3 - 4*f**2 + 2*f + 4. Determine x(-1).
-329
Let s(i) = 104292*i - 3024478. Give s(29).
-10
Let a(i) = -9*i**2 - 336*i - 2839. Determine a(-25).
-64
Let v(g) = -13127*g - 748237. Determine v(-57).
2
Let z(v) = 4*v**2 + 138*v + 340. Give z(-33).
142
Let w(m) = -2*m**2 - 2672*m - 140912. Give w(-1281).
-2
Let h(o) = 864283*o + 14692823. Give h(-17).
12
Let h(k) = 21*k**2 + 54*k + 219. What is h(-6)?
651
Let c(k) = -20*k**2 + 466*k + 1513. Determine c(26).
109
Let z(d) = 34*d**2 - 278*d - 458. Give z(7).
-738
Let l(p) = -1360*p - 348154. What is l(-256)?
6
Let l(a) = 416*a + 28218. Determine l(-68).
-70
Let f(m) = 25*m**2 + 5125*m + 49. Calculate f(-205).
49
Let j(z) = 592*z + 18230. Calculate j(-30).
470
Let z(r) = 56*r**2 + 2085*r - 4168. Calculate z(2).
226
Let h(j) = -5013*j - 2451364. Determine h(-489).
-7
Let z(o) = o**3 - 140*o**2 + 1649*o + 17. Give z(13).
-9
Let b(x) = -x**2 + 81*x - 247. Give b(32).
1321
Let o(x) = 2*x**2 + 1397*x + 6936. Give o(-5).
1
Let o(z) = 2511*z**2 - 25026*z - 12. Determine o(10).
828
Let o(f) = -2112*f - 249216. Calculate o(-118).
0
Let u(k) = -2640*k - 73399. Calculate u(-29).
3161
Let p(y) = 180233*y + 1081527. Calculate p(-6).
129
Let t(p) = -441*p + 17898. Give t(41).
-183
Let z(w) = 2455*w - 305677. Calculate z(125).
1198
Let l(d) = -2*d**2 + 54*d + 57780. Give l(-157).
4
Let u(k) = 7*k**3 - 48*k**2 + 855*k - 1509. Determine u(2).
65
Let f(i) = 16*i**2 + 390*i + 1568. Give f(-4).
264
Let v(f) = 1760*f + 198858. Determine v(-113).
-22
Let l(s) = -2*s**3 - 49*s**2 + 17*s - 99. Determine l(-24).
-1083
Let h(p) = -3*p**2 - 20236*p - 121319. What is h(-6)?
-11
Let o(z) = 6349*z - 349202. Give o(55).
-7
Let x(a) = -a**3 + 36*a**2 + 822*a - 12. Calculate x(-16).
148
Let d(v) = -24*v**2 + 2927*v + 14628. Give d(-5).
-607
Let l(f) = -789*f - 21813. Determine l(-28).
279
Let r(d) = d**2 - 1152*d + 200266. Give r(213).
259
Let x(t) = 5*t**2 + 187*t - 15231. Calculate x(-77).
15
Let m(b) = 17111*b - 171358. Calculate m(10).
-248
Let o(g) = 2*g**3 + 9*g**2 - 36*g - 79. Calculate o(-5).
76
Let p(l) = -35314*l - 776939. What is p(-22)?
-31
Let u(n) = 4199*n**2 - 452*n + 450. Give u(1).
4197
Let l(d) = -12*d**3 - 14*d**2 + 11*d - 15. What is l(2)?
-145
Let l(o) = -o**2 - 112358*o + 1236111. Determine l(11).
52
Let u(h) = h**3 + 13*h**2 + 293*h - 8181. Determine u(13).
22
Let h(t) = -4*t**3 + 1199*t**2 + 1586*t - 24384. Determine h(301).
-3
Let g(u) = -u**3 - 170*u**2 - 10*u - 6926. What is g(0)?
-6926
Let w(b) = -162*b + 1233. What is w(16)?
-1359
Let q(d) = 19*d**2 + 199*d - 164. Give q(-13).
460
Let i(o) = 5665*o - 101767. Determine i(18).
203
Let q(c) = 69*c - 1437. Calculate q(54).
2289
Let l(d) = -d**3 + 96*d**2 + 1165*d + 1314. What is l(107)?
30
Let v(y) = -y**3 - 10*y**2 + 429*y + 3153. Determine v(-7).
3
Let m(p) = 83078*p - 747699. Determine m(9).
3
Let m(t) = 1088*t - 151222. What is m(139)?
10
Let r(l) = -101*l**2 - 3*l + 133. What is r(0)?
133
Let x(z) = z**3 + 14*z**2 - 132*z - 1450. Give x(-16).
150
Let u(j) = -1344*j + 84567. Determine u(63).
-105
Let p(i) = 4*i**2 - 8094*i + 913683. Calculate p(120).
3
Let c(a) = -124*a**2 - 143506*a - 43969. What is c(-1157)?
-3
Let u(f) = 10*f**2 + 1448*f + 2850. Give u(-2).
-6
Let v(u) = 302*u + 86877. What is v(-287)?
203
Let s(f) = f**3 + 8*f**2 + 192*f + 1301. Give s(-7).
6
Let p(y) = -y**3 + 4*y**2 + 47*y - 213. What is p(5)?
-3
Let a(o) = 3027*o - 1086681. Determine a(359).
12
Let i(s) = -282*s**3 + 5*s**2 - 2361*s - 2365. What is i(-1)?
283
Let p(m) = 3*m**2 + 195*m + 2698. Give p(-23).
-200
Let l(z) = -34695*z + 1110164. What is l(32)?
-76
Let q(b) = -b**3 + 35*b**2 + 203*b - 6116. Determine q(36).
-104
Let l(k) = 7*k**2 + 2936*k + 17617. Give l(-6).
253
Let y(l) = l**2 + 4711*l - 295928. Determine y(62).
-2
Let i(a) = 929*a + 722783. Determine i(-778).
21
Let m(u) = 9859*u - 19638. Give m(2).
80
Let m(f) = -3*f**3 + 2*f**2 + 92*f + 718. Calculate m(0).
718
Let n(b) = -18319*b + 402769. Give n(22).
-249
Let o(a) = -10*a**2 - 328349*a + 656700. What is o(2)?
-38
Let l(d) = d**3 - 5*d**2 - 22*d + 66. Calculate l(7).
10
Let p(a) = 1864*a - 25226. Calculate p(13).
-994
Let h(b) = -1397*b + 301784. Determine h(216).
32
Let k(a) = -13221*a - 2763191. What is k(-209)?
-2
Let y(b) = 2*b**3 + 94*b**2 + 265*b + 36. Calculate y(-44).
-8
Let b(k) = 2*k**2 + 13850*k + 55376. Determine b(-4).
8
Let m(j) = -98635*j + 197277. Determine m(2).
7
Let f(v) = 3*v**2 - 11489*v + 2022790. Give f(185).
0
Let p(c) = -1024*c - 45162. Give p(-44).
-106
Let x(a) = -6698*a - 27759. Give x(-4).
-967
Let r(u) = -6*u**2 - 2333*u - 39699. What is r(-371)?
-2
Let u(l) = l**3 - 245*l**2 - 281*l + 8574. What is u(246)?
-36
Let a(q) = 827*q + 23656. What is a(-31)?
-1981
Let s(v) = 1207*v + 354919. What is s(-294)?
61
Let u(v) = 2*v**3 - 380*v**2 + 206*v - 39034. Give u(190).
106
Let h(x) = 5*x**2 - 4999*x + 16. What is h(0)?
16
Let q(b) = -5*b**3 - 147*b**2 - 331*b - 60. Calculate q(-2).
54
Let z(j) = 15201*j - 16432280. Give z(1081).
1
Let y(q) = -127*q**3 - 2*q**2 + 60*q + 61. What is y(-1)?
126
Let x(j) = -8445*j + 66069. Calculate x(8).
-1491
Let v(c) = -2*c**3 - 37*c**2 + 3*c + 47. Give v(-20).
1187
Let p(j) = 2*j**3 + 421*j**2 - 648*j - 2773. Calculate p(-212).
-229
Let w(q) = q**3 + 97*q**2 - 292*q + 914. What is w(-100)?
114
Let i(n) = -4885*n - 78485. Calculate i(-16).
-325
Let b(h) = -1410*h + 35365. Determine b(25).
115
Let k(j) = -20*j**2 + 3955*j + 29738. Calculate k(205).
13
Let a(y) = 16*y**2 + 1867*y - 602. Calculate a(-117).
-17
Let l(q) = -347*q**2 - 227*q - 229. Give l(-1).
-349
Let p(v) = -45*v**3 - 4*v**2 - 127*v + 425. Give p(3).
-1207
Let r(y) = -89262*y + 1428155. Determine r(16).
-37
Let f(u) = 588*u - 37627. Give f(64).
5
Let p(a) = -26*a**2 + 8896*a - 52441. Determine p(6).
-1
Let t(w) = -4*w**3 + 32*w**2 - 78*w - 55. Calculate t(10).
-1635
Let r(s) = -2*s**3 - 608*s**2 - 19753*s + 132. What is r(-37)?
-53
Let z(b) = 190*b**2 - 522*b + 260. Calculate z(2).
-24
Let k(d) = -10376*d - 155207. What is k(-15)?
433
Let h(t) = -27*t**3 + 93*t**2 + 293*t + 204. Determine h(-2).
206
Let v(k) = k**3 - 11*k**2 - 894*k + 38. Determine v(36).
254
Let h(v) = 699*v - 60090. Calculate h(83).
-2073
Let r(l) = 8271*l + 132257. What is r(-16)?
-79
Let q(z) = -7*z**3 + 253*z**2 + 216*z - 313. What is q(37)?
-535
Let x(v) = 2*v**3 + 364*v**2 - 393*v - 5026. Give x(-183).
-85
Let t(f) = 118*f**2 + 261*f + 154. Calculate t(-1).
11
Let i(w) = -227*w**2 + 2777*w - 151. What is i(12)?
485
Let z(n) = 3*n**2 - 81*n + 348. Determine z(21).
-30
Let r(p) = -12754*p - 127520. Calculate r(-10).
20
Let d(n) = 60*n**3 + 13*n**2 - 19*n - 66. Calculate d(-3).
-1512
Let m(r) = -31*r**3 + 9*r**2 + 148*r - 146. Calculate m(1).
-20
Let j(i) = -34*i**2 + 46*i + 156. Determine j(-4).
-572
Let n(u) = -43560*u + 43272. What is n(1)?
-288
Let h(j) = -22*j**3 - 19*j**2 - 31*j + 15. Give h(-4).
1243
Let m(z) = 546*z - 19065. Determine m(35).
45
Let q(k) = -2*k**2 + 2143*k + 57070. Calculate q(-26).
0
Let g(a) = a**3 + 172*a**2 + 7426*a + 17053. Determine g(-98).
1
Let b(j) = -15*j**2 - 478*j - 406. Calculate b(-31).
-3
Let h(m) = m**2 - 241*m - 15558. Determine h(-53).
24
Let x(a) = 3*a**2 - 600*a + 29470. Determine x(119).
553
Let t(l) = 968*l - 167585. Determine t(173).
-121
Let i(w) = 123*w + 3725. Give i(-3).
3356
Let h(v) = -87*v**2 - 8777*v + 1018. What is h(-101)?
8
Let t(z) = -z**3 + 323*z**2 + 5076*z - 1969. Give t(338).
59
Let r(m) = -513055*m - 1025951. Give r(-2).
159
Let j(n) = 11*n**3 + 251*n**2 - 50*n + 61. Determine j(-23).
153
Let z(o) = 65*o**3 + 186*o**2 + 64*o + 231. What is z(-3)?
-42
Let r(m) = 6680*m - 38. Give r(0).
-38
Let t(p) = -80*p**2 + 689*p - 690. What is t(1)?
-81
Let z(q) = -22226*q + 2933829. Calculate z(132).
-3
Let o(u) = u**2 - 302*u + 4709. Give o(292).
1789
Let n(h) = -259503*h + 3892555. Give n(15).
10
Let a(t) = -t**3 + 67*t**2 + 349*t + 722. Give a(72).
-70
Let f(d) = 5221*d + 302814. Determine f(-58).
-4
Let d(z) = 23*z**2 - 1458*z + 1081. What is d(62)?
-903
Let n(d) = 58422*d - 584135. What is n(10)?
85
Let k(h) = -14*h**3 + 20*h**2 - 59*h + 2. Give k(3).
-373
Let u(a) = -60*a**2 + 9580*a + 12906. What is u(